9
What is the greatest common divisor of 567600 and 4675?
275
What is the greatest common factor of 85470 and 176?
22
Calculate the highest common factor of 527 and 25500.
17
What is the highest common factor of 173445 and 434?
31
What is the highest common divisor of 39 and 52312?
13
What is the highest common divisor of 253283 and 15181?
799
Calculate the highest common divisor of 480032 and 196.
28
What is the greatest common factor of 17251 and 104?
13
Calculate the greatest common factor of 516 and 320092.
172
Calculate the greatest common divisor of 471408 and 16.
16
Calculate the highest common factor of 30334 and 290.
58
What is the greatest common divisor of 598 and 188278?
46
What is the highest common factor of 1818 and 80800?
202
Calculate the highest common divisor of 128120 and 2120.
40
Calculate the highest common divisor of 264 and 1201596.
132
Calculate the highest common divisor of 10982 and 6358.
578
Calculate the highest common factor of 2076 and 190646.
346
Calculate the highest common divisor of 25830 and 44730.
630
Calculate the greatest common factor of 56 and 21847.
7
What is the highest common factor of 55 and 110?
55
What is the highest common factor of 50 and 5790?
10
What is the greatest common factor of 6617170 and 140?
70
Calculate the greatest common divisor of 464 and 16.
16
Calculate the greatest common factor of 2704 and 3056.
16
What is the highest common factor of 1270921 and 3303?
367
Calculate the highest common divisor of 35 and 6135.
5
Calculate the greatest common divisor of 137092 and 36.
4
What is the greatest common divisor of 11861 and 6061?
29
What is the highest common factor of 19934 and 2?
2
What is the highest common factor of 660 and 228?
12
Calculate the highest common factor of 12384 and 21312.
288
What is the greatest common factor of 234930 and 573?
573
What is the greatest common divisor of 68288 and 128?
64
What is the highest common divisor of 49979 and 82?
41
What is the highest common divisor of 45 and 128355?
15
Calculate the highest common divisor of 23618 and 1764.
98
What is the greatest common factor of 157 and 603979?
157
What is the greatest common factor of 35 and 5894?
7
Calculate the highest common factor of 52178 and 28.
14
Calculate the highest common divisor of 225 and 15825.
75
What is the greatest common factor of 6405 and 489342?
1281
What is the highest common divisor of 50293 and 304?
19
Calculate the greatest common factor of 73 and 133079.
73
What is the highest common factor of 252357 and 63?
21
What is the highest common factor of 621 and 268893?
621
Calculate the highest common divisor of 708 and 72840.
12
Calculate the highest common factor of 77434 and 14.
14
What is the greatest common divisor of 35 and 56385?
35
Calculate the greatest common factor of 186 and 8708241.
93
Calculate the highest common divisor of 195 and 720330.
195
Calculate the highest common factor of 576 and 17312.
32
Calculate the highest common factor of 2107 and 860.
43
Calculate the greatest common divisor of 1600 and 6200.
200
What is the greatest common divisor of 527 and 184127?
17
What is the highest common factor of 15 and 3885?
15
Calculate the highest common factor of 1750 and 253050.
350
Calculate the highest common factor of 1456 and 9095632.
1456
Calculate the highest common factor of 8701 and 7469.
77
What is the greatest common divisor of 474432 and 26880?
1344
Calculate the highest common factor of 21951 and 1539.
81
Calculate the greatest common factor of 1120077 and 27.
9
Calculate the greatest common divisor of 27435 and 1095.
15
Calculate the greatest common factor of 15 and 53030.
5
Calculate the highest common divisor of 4514 and 222.
74
Calculate the highest common divisor of 1710 and 13500.
90
Calculate the greatest common factor of 2867 and 1363.
47
What is the highest common factor of 1170 and 65?
65
Calculate the greatest common divisor of 130 and 12428.
26
What is the greatest common divisor of 3784 and 11051?
43
What is the highest common factor of 157 and 228121?
157
What is the greatest common factor of 1788549 and 147?
147
What is the highest common factor of 8835 and 75?
15
What is the greatest common factor of 989 and 13961?
23
What is the greatest common divisor of 10848 and 912588?
1356
What is the greatest common divisor of 204939 and 35?
7
What is the greatest common divisor of 9705 and 135?
15
What is the highest common factor of 666 and 80253?
333
What is the highest common divisor of 25984 and 352?
32
Calculate the greatest common divisor of 3410 and 5720.
110
What is the greatest common divisor of 483 and 72772?
161
What is the greatest common factor of 46296 and 14146?
1286
Calculate the highest common divisor of 392 and 12256.
8
Calculate the highest common factor of 295 and 420965.
295
Calculate the greatest common divisor of 73990 and 490.
490
What is the highest common factor of 20 and 5370?
10
Calculate the highest common factor of 78 and 199394.
26
What is the greatest common factor of 18852 and 84?
12
What is the greatest common divisor of 4768 and 214411?
149
What is the greatest common factor of 7720 and 9400?
40
What is the greatest common factor of 150 and 115350?
150
What is the highest common divisor of 276 and 4385364?
276
What is the greatest common divisor of 158 and 142?
2
Calculate the highest common divisor of 59 and 52097.
59
Calculate the greatest common divisor of 3483 and 43559.
43
Calculate the greatest common factor of 6 and 155139.
3
What is the greatest common factor of 624 and 361104?
48
Calculate the highest common factor of 28 and 265622.
14
What is the greatest common divisor of 6955 and 760?
5
What is the highest common factor of 35138 and 2?
2
Calculate the greatest common divisor of 230949 and 1809.
603
Calculate the greatest common factor of 1274 and 10862761.
637
Calculate the highest common factor of 616 and 10274.
22
What is the highest common divisor of 87549 and 21252?
231
What is the greatest common divisor of 36160 and 40228?
452
What is the greatest common factor of 63427 and 24752?
1547
What is the greatest common factor of 1170 and 168246?
234
What is the greatest common factor of 177166 and 286?
22
What is the greatest common factor of 125437 and 13?
13
What is the highest common factor of 32766 and 10287?
381
What is the highest common divisor of 51574 and 535?
107
What is the highest common factor of 3248 and 3872?
16
What is the greatest common divisor of 1281 and 1197?
21
Calculate the highest common factor of 24 and 645378.
6
Calculate the greatest common divisor of 24087 and 434.
217
Calculate the greatest common divisor of 715 and 23452.
143
What is the highest common divisor of 44464 and 1447859?
2779
Calculate the greatest common divisor of 149 and 92678.
149
What is the greatest common divisor of 44 and 1719751?
11
Calculate the greatest common factor of 122836 and 492.
164
What is the greatest common divisor of 417696 and 456?
456
What is the highest common factor of 188 and 100674?
94
What is the greatest common factor of 3384 and 2088?
72
What is the highest common factor of 202696 and 416?
104
What is the highest common factor of 16 and 52288?
16
What is the highest common divisor of 25 and 157285?
5
What is the greatest common divisor of 74 and 85322?
74
Calculate the greatest common factor of 7193563 and 26.
13
What is the greatest common divisor of 1971 and 13359?
219
Calculate the greatest common factor of 1252 and 100.
4
Calculate the highest common divisor of 60076 and 7498.
46
What is the highest common factor of 4107 and 17649?
111
What is the highest common factor of 64 and 27632?
16
What is the highest common divisor of 2338312 and 1640?
328
What is the greatest common factor of 3096 and 598689?
387
What is the highest common factor of 144 and 15060?
12
What is the highest common divisor of 84085 and 335?
335
What is the highest common divisor of 1461 and 372?
3
Calculate the highest common factor of 8 and 903736.
8
Calculate the greatest common factor of 1215 and 2095065.
405
Calculate the highest common factor of 442 and 3666.
26
What is the greatest common divisor of 1113048 and 162?
54
Calculate the highest common divisor of 100 and 225520.
20
What is the greatest comm